*v**2 + 33*v + 10. Let u be i(11). What is the greatest common divisor of 490 and u?
10
Suppose 3*s - 116 = -77. What is the highest common divisor of 13 and s?
13
Suppose 458 = 2*o - 2*l, -12*o + 4*l - 209 = -13*o. What is the greatest common factor of 180 and o?
45
Suppose 5*s - 620 = -3*h, 2*h + s = -2*h + 804. Let f(t) = -t**2 + 60*t - 514. Let z be f(49). What is the greatest common divisor of z and h?
25
Suppose -3*c + 0 + 3 = -b, c + b = 5. Suppose -i + 30 = o + 2*o, -i + 19 = c*o. Let j = 63 - -25. What is the greatest common divisor of j and o?
11
Suppose -2*m - 1056 = -3*p + 3*m, -p = -3*m - 352. Calculate the greatest common divisor of p and 8.
8
Let n be (-137 - -65)*2/(-6). What is the greatest common divisor of 84 and n?
12
Suppose -40 = -2*b + 26. Let s be -3*8/(-6) + 7. Let n(k) = -k**3 + 10*k**2 + 11*k + 11. Let d be n(s). Calculate the highest common factor of d and b.
11
Let l = -11 + 15. Suppose -5*y = -l*r + 61, -29 = 5*y - 2*r + 34. Let z = y - -14. Calculate the greatest common factor of z and 7.
1
Let p be 21/35 + 10/25. Let q be (-10)/(-15)*(-14 - 1). Let y(c) = -c**2 - 10*c + 1. Let z be y(q). Calculate the highest common divisor of z and p.
1
Let x(j) = -68*j + 4. Let v be x(-3). Suppose 10514*b + 260 = 10524*b. Calculate the greatest common factor of b and v.
26
Suppose 0 = -6*q - 50 + 182. Calculate the highest common divisor of 110 and q.
22
Let o = 0 - 7. Let k(t) = 2*t**2 + 7*t + 17. Let h be k(o). Suppose 0*v + 176 = 4*v. Calculate the greatest common divisor of h and v.
22
Suppose 3*r = 2*r + 4*c + 312, -330 = -r - 2*c. Suppose -r = -n - n. What is the greatest common factor of 18 and n?
18
Suppose -4*l - 5*t = -1521 - 2282, -l + 954 = -2*t. Calculate the greatest common factor of l and 68.
68
Let g be -7*(-2 + 414/(-63)). Calculate the greatest common divisor of 8 and g.
4
Let g be 6/(3/(-3)) + -2. Suppose -2*b - 3*r + 6*r - 52 = 0, 0 = b - 3*r + 29. Let f = g - b. Calculate the greatest common divisor of 120 and f.
15
Let j be ((-18)/36)/(1/(-6)). Suppose 2*d + j*x - 147 = -d, 2*x + 110 = 2*d. Calculate the highest common factor of d and 26.
26
Suppose 5*z - 3*a - 566 = 0, -5*a + 6*a = 3. Suppose 0 = -5*c + 4*t + 115 - 35, -5*c - 3*t = -z. Calculate the greatest common factor of c and 12.
4
Let j = -258 - -285. Calculate the highest common divisor of 135 and j.
27
Let n = -18 + 23. Suppose -n*c + 10 - 90 = 3*p, 0 = -c + 2. Let a be ((-12)/10)/(9/p). Calculate the greatest common divisor of a and 32.
4
Let k = 2741 + -1285. Calculate the highest common factor of 91 and k.
91
Let p be (-2 + 9/12)/((-3)/24). Let x be (4 - 36/p) + (-133)/(-5). Calculate the highest common divisor of x and 189.
27
Let r be ((-227)/(-2) - 5)*2. What is the highest common factor of 21 and r?
7
Suppose 3*y - 5*h + 0*h = -3, 0 = -2*y + 2*h + 2. What is the greatest common divisor of y and 44?
4
Let z be (-1 + -494)*6/(-15). Let t be (51 + -18)/(3/2). What is the greatest common divisor of t and z?
22
Let f = 723 + -579. Calculate the greatest common factor of 9 and f.
9
Suppose -4*s - o = -13, -o - 3 - 2 = -2*s. Suppose -154 = -4*i - 6. Suppose s*w = 205 - i. Calculate the greatest common factor of 7 and w.
7
Suppose -12*m = 7*m - 475. Let y be (4/6)/((-3)/(-900)). Calculate the highest common divisor of y and m.
25
Let d = 19 - 9. Let t be 7/((-7)/(-4)) + d. Let h be 0 + 3 + -2 - -153. Calculate the greatest common divisor of t and h.
14
Let x = 244 - 218. What is the highest common factor of 65 and x?
13
Let b(n) = 7*n + 7. Let p(k) = -10*k - 10. Let i(o) = 7*b(o) + 5*p(o). Let v be i(-6). Calculate the greatest common factor of 35 and v.
5
Let c = -422 + 518. Suppose 5*u - 99 = 21. Calculate the highest common factor of u and c.
24
Suppose 5*g - 5766 = -c + 3105, 2*g + 5*c - 3530 = 0. Calculate the highest common factor of 71 and g.
71
Let q = 27 + -23. Suppose 0 = -o - q*l + 34 - 2, -o + l = -7. Let r = -9 + 15. Calculate the highest common divisor of o and r.
6
Let k be (4/(20/3))/((-2)/(-40)). Let f = 31 - 13. Calculate the greatest common factor of k and f.
6
Suppose 45*n = 48*n - 816. Calculate the highest common factor of 51 and n.
17
Suppose -5*c = 5*v, 3*v + 3*c - 1 = -v. Let g be v/(-2 - (-3)/3). Let o be 3*-1 - 45/g. Calculate the highest common divisor of 14 and o.
14
Suppose 5*i + 91 = -5*s + 311, 196 = 5*i - s. Suppose 0 = 4*z - 5*o - 36, -4*z - 4*o + 3*o + 12 = 0. Calculate the greatest common factor of z and i.
4
Let x = -30 + 39. Let i(p) = -15 - x + 21 + 35*p. Let r be i(1). Calculate the highest common divisor of r and 16.
16
Let s = 42 + -43. Let n(p) = 6*p + 7. Let x be n(s). Calculate the greatest common factor of x and 9.
1
Let u = 32 + -38. Let h = u + 32. Calculate the highest common divisor of h and 39.
13
Suppose 0 = 2*b - 73 - 7. Let m(d) = 2*d**2 + 34*d - 164. Let t be m(-21). What is the greatest common divisor of t and b?
4
Suppose -90 = -9*f + 4*f. Suppose -2*i - 10 = -7*i. Suppose w - j - 42 = 151, i*j = 5*w - 980. Calculate the greatest common factor of f and w.
18
Let m be (9 - (1 + -5)) + -2. Suppose u - m = 3*z, -5*z + 3*z - 54 = -3*u. Calculate the greatest common divisor of 25 and u.
5
Let j be ((-880)/(-140))/(2/(3 + 11)). What is the highest common factor of 1144 and j?
44
Let m = 1886 + -1374. What is the greatest common divisor of 80 and m?
16
Suppose -p - 5 = -0*p. Let r(f) = -4*f - 9. Let c be r(p). Let s(o) = -26*o - 1. Let v be s(-3). Calculate the greatest common factor of c and v.
11
Let s(w) = -w**3 - 4*w**2 + w. Let n be s(-4). Let y be (n/10)/(9/(-270)). Suppose 0*k + y = k. Calculate the highest common divisor of k and 48.
12
Let p be 54/189 - (2/7 - 0). Let w be (p + (-4)/2)/((-6)/510). Calculate the greatest common factor of w and 17.
17
Suppose -4 = z - 14. Suppose -4*d - 3*k = 56, k = d - 0*k + 7. Let x = 61 + d. What is the greatest common factor of x and z?
10
Let w(h) = h**2 + 4*h - 1. Suppose 2*d + 2*d = -8. Let u be w(d). Let k be -7 - u - -1*4. Calculate the greatest common factor of 5 and k.
1
Let y(x) = -2*x + 34. Let g be y(16). Suppose -v = c - 12 - 20, 0 = -g*v - 4*c + 62. Calculate the greatest common divisor of v and 11.
11
Let g(v) = 4*v - 22. Let j be g(17). Let q = j - 43. What is the greatest common divisor of q and 24?
3
Let b(l) = 100*l**2 + 13*l + 52. Let v be b(-3). Calculate the highest common divisor of v and 22.
11
Let c be 20/6 - (-4)/6. Let o be ((-2)/6)/(1/(-6)). Suppose -3*i - 6*p = -3*p - 21, o*i - c*p - 2 = 0. What is the greatest common divisor of 2 and i?
1
Let s = -1625 - -1633. What is the highest common factor of s and 13?
1
Let o be (16/2)/2 + 0. Suppose 12 - 70 = -o*r + 3*g, 3*g - 70 = -4*r. What is the greatest common factor of 64 and r?
16
Suppose 51*o - 47*o - 204 = 0. What is the highest common divisor of 17 and o?
17
Let o(x) = 192*x**3 - x**2 + x. Let w be o(1). Let p = 269 - w. Suppose 0*m = 2*m - 14. Calculate the greatest common factor of m and p.
7
Let p be (-1)/2 - 121/(-22). Suppose -3*c + p*c - 2*w = 56, 0 = -5*c + w + 124. Calculate the highest common divisor of 48 and c.
24
Let y be (424/12)/((-2)/(-12)). Suppose -v + 4*r - 38 = 0, -4*r + y = -3*v - v. Let n = v + 83. What is the greatest common factor of 5 and n?
5
Let p be (0 - -1) + (-23)/(-23) - -241. Calculate the highest common divisor of 9 and p.
9
Suppose -g - 9 = -2*u - 0*g, u - 2*g - 12 = 0. Suppose -3*c + 3*a + 3 = 0, -4*c - u*a + 14 = -8. Let i = 13 - c. What is the highest common factor of i and 36?
9
Let y(i) be the second derivative of 5*i**3/6 + 29*i**2/2 - 2*i. Let u be y(-4). Let s = 164 + -83. What is the greatest common factor of u and s?
9
Let f = -302 + 341. Calculate the highest common factor of 6 and f.
3
Suppose 0 = -11*j + 2*j + 108. What is the greatest common factor of j and 4?
4
Let a = -305 - -479. Calculate the greatest common divisor of a and 116.
58
Suppose 3*x + x - 24 = 0. Let r = x + -4. Calculate the greatest common divisor of 3 and r.
1
Suppose -5*z + 411 - 1 = 0. Let w be ((-4)/1 - -2) + z. Let x(c) = c**2 - 4. Let t be x(6). What is the highest common divisor of t and w?
16
Let b = 187 + -112. Let n = -101 + 501. Suppose t - n = -7*t. What is the highest common divisor of b and t?
25
Let c = 387 - -10. Suppose -c = -7*v + 3*v + 5*